 is the remainder when 3303555 is divided by 1651756?
43
What is the remainder when 747089 is divided by 534?
23
Calculate the remainder when 67938311 is divided by 13.
12
What is the remainder when 1172896 is divided by 3761?
3225
What is the remainder when 287527 is divided by 88?
31
Calculate the remainder when 89709 is divided by 44749.
211
Calculate the remainder when 1674890 is divided by 1531.
1507
What is the remainder when 415872 is divided by 230?
32
What is the remainder when 15537097 is divided by 67?
65
Calculate the remainder when 19302991 is divided by 257.
235
What is the remainder when 2679233 is divided by 235?
233
Calculate the remainder when 4309609 is divided by 1901.
42
Calculate the remainder when 8372090 is divided by 3540.
3530
What is the remainder when 5551973 is divided by 16?
5
What is the remainder when 63859977 is divided by 15964990?
17
What is the remainder when 2182627 is divided by 1258?
1255
What is the remainder when 95584 is divided by 23682?
856
Calculate the remainder when 18170514 is divided by 4037.
4014
Calculate the remainder when 8794 is divided by 4106.
582
What is the remainder when 13954595 is divided by 4487?
25
What is the remainder when 2280627 is divided by 30?
27
Calculate the remainder when 34525 is divided by 354.
187
Calculate the remainder when 20634481 is divided by 432.
1
Calculate the remainder when 206526 is divided by 42.
12
Calculate the remainder when 420250 is divided by 245.
75
What is the remainder when 736679 is divided by 8875?
54
What is the remainder when 13892 is divided by 101?
55
Calculate the remainder when 208393 is divided by 772.
725
What is the remainder when 35005 is divided by 1633?
712
Calculate the remainder when 7172969 is divided by 2482.
2471
Calculate the remainder when 6203359 is divided by 36.
19
Calculate the remainder when 7757825 is divided by 10.
5
What is the remainder when 197085 is divided by 7831?
1310
Calculate the remainder when 2269308 is divided by 69.
36
What is the remainder when 9657957 is divided by 1931588?
17
Calculate the remainder when 75919603 is divided by 1432445.
18
Calculate the remainder when 3329056 is divided by 197.
150
What is the remainder when 151508 is divided by 18935?
28
Calculate the remainder when 1338514 is divided by 191182.
240
Calculate the remainder when 2217463 is divided by 1108715.
33
Calculate the remainder when 26331627 is divided by 1605.
1602
Calculate the remainder when 353321 is divided by 71.
25
Calculate the remainder when 53268703 is divided by 11409.
82
What is the remainder when 42976 is divided by 5103?
2152
Calculate the remainder when 215477 is divided by 2444.
405
Calculate the remainder when 708918 is divided by 6444.
78
What is the remainder when 820014 is divided by 49?
48
Calculate the remainder when 3821049 is divided by 72.
9
What is the remainder when 77236826 is divided by 33?
29
What is the remainder when 6034574 is divided by 2011521?
11
Calculate the remainder when 106423972 is divided by 2595706.
26
What is the remainder when 191405 is divided by 147?
11
What is the remainder when 2112992 is divided by 1638?
1610
Calculate the remainder when 5799170 is divided by 1331.
3
Calculate the remainder when 220430 is divided by 4319.
161
Calculate the remainder when 930510 is divided by 930475.
35
Calculate the remainder when 5805495 is divided by 599.
586
What is the remainder when 1173005 is divided by 1411?
464
Calculate the remainder when 18439364 is divided by 1227.
8
Calculate the remainder when 88380 is divided by 12107.
3631
What is the remainder when 1291503 is divided by 2?
1
What is the remainder when 556548 is divided by 21392?
356
What is the remainder when 1147656 is divided by 8257?
8190
Calculate the remainder when 3112105 is divided by 1037365.
10
Calculate the remainder when 58980310 is divided by 72.
70
What is the remainder when 30815420 is divided by 2177?
2162
Calculate the remainder when 42816 is divided by 535.
16
Calculate the remainder when 1267666 is divided by 336.
274
What is the remainder when 906503 is divided by 98?
3
What is the remainder when 4282938 is divided by 103?
95
What is the remainder when 37015631 is divided by 1276401?
2
What is the remainder when 3970461 is divided by 71?
70
Calculate the remainder when 1576557 is divided by 29.
1
What is the remainder when 22290986 is divided by 2476771?
47
What is the remainder when 72521 is divided by 4808?
401
Calculate the remainder when 751405 is divided by 103.
20
What is the remainder when 14411251 is divided by 8863?
13
What is the remainder when 268467 is divided by 87389?
6300
What is the remainder when 2890655 is divided by 928?
863
What is the remainder when 436922 is divided by 144502?
3416
What is the remainder when 3710581 is divided by 230?
221
Calculate the remainder when 227802 is divided by 9904.
10
What is the remainder when 388006 is divided by 186?
10
What is the remainder when 159219713 is divided by 163?
9
Calculate the remainder when 2521049 is divided by 148291.
102
What is the remainder when 32558897 is divided by 87?
17
What is the remainder when 741437 is divided by 91?
60
Calculate the remainder when 142757631 is divided by 9344.
9343
What is the remainder when 66714 is divided by 22219?
57
What is the remainder when 84731 is divided by 16943?
16
Calculate the remainder when 4312743 is divided by 10030.
9873
What is the remainder when 217440 is divided by 6633?
5184
What is the remainder when 292273 is divided by 213?
37
Calculate the remainder when 2144577 is divided by 37624.
9
What is the remainder when 843576 is divided by 2280?
2256
Calculate the remainder when 1662752 is divided by 49.
35
What is the remainder when 364584 is divided by 214?
142
Calculate the remainder when 1492280 is divided by 746112.
56
Calculate the remainder when 42660398 is divided by 75.
23
Calculate the remainder when 2042563290 is divided by 87.
84
Calculate the remainder when 3292688 is divided by 1702.
1020
What is the remainder when 555648 is divided by 15423?
420
What is the remainder when 582582312 is divided by 38?
18
What is the remainder when 14088450 is divided by 18?
12
Calculate the remainder when 7713707 is divided by 79522.
73
Calculate the remainder when 30387551 is divided by 8.
7
What is the remainder when 17515705 is divided by 207?
193
Calculate the remainder when 4699761 is divided by 187983.
186
Calculate the remainder when 1669576 is divided by 47.
42
Calculate the remainder when 9628066 is divided by 1346.
128
Calculate the remainder when 6340229 is divided by 746.
721
Calculate the remainder when 2786174 is divided by 225.
224
What is the remainder when 394275 is divided by 8?
3
What is the remainder when 1087250 is divided by 251?
169
Calculate the remainder when 1765818 is divided by 7.
5
What is the remainder when 124213 is divided by 352?
309
Calculate the remainder when 2905974 is divided by 148.
142
Calculate the remainder when 510154 is divided by 1678.
42
What is the remainder when 95717 is divided by 2464?
2085
What is the remainder when 1904285 is divided by 475880?
765
Calculate the remainder when 57090 is divided by 56449.
641
Calculate the remainder when 2004 is divided by 384.
84
What is the remainder when 320985 is divided by 810?
225
What is the remainder when 349474 is divided by 173793?
1888
What is the remainder when 85740279 is divided by 316?
315
What is the remainder when 199156606 is divided by 49789151?
2
Calculate the remainder when 6433153 is divided by 169284.
361
What is the remainder when 299871 is divided by 7153?
6598
What is the remainder when 99713 is divided by 214?
203
What is the remainder when 2598944 is divided by 2436?
2168
Calculate the remainder when 2615171 is divided by 3147.
14
What is the remainder when 1105767 is divided by 147?
33
What is the remainder when 711497 is divided by 8474?
8155
Calculate the remainder when 277639 is divided by 87.
22
What is the remainder when 108875 is divided by 222?
95
Calculate the remainder when 20797947 is divided by 25.
22
What is the remainder when 1354633 is divided by 270849?
388
What is the remainder when 907388 is divided by 302455?
23
What is the remainder when 79925671 is divided by 111628